Let a(i) = -226*i + 468. What is a(2)?
16
Let w(l) = 3*l**2 - 54*l - 173. Give w(-3).
16
Let y(t) = -t**2 + 178*t + 1094. Give y(-6).
-10
Let y(r) = 31*r**2 - 1583*r + 37. Determine y(51).
-65
Let z(g) = -g**3 - 14*g**2 + 16*g + 504. Calculate z(-8).
-8
Let w(l) = 3*l**2 + 1055*l + 32403. What is w(-34)?
1
Let a(g) = g**3 + 148*g**2 - 648*g - 6082. Give a(-152).
-2
Let x(p) = -592*p - 53269. Calculate x(-90).
11
Let v(n) = -65*n + 517. Calculate v(8).
-3
Let j(k) = 248*k - 1992. Calculate j(8).
-8
Let l(p) = -10*p**2 - 90*p - 2. Give l(-9).
-2
Let h(n) = -125*n - 452. Give h(-4).
48
Let s(h) = -h**3 + 5*h**2 + 17*h - 22. What is s(6)?
44
Let p(g) = -3*g**3 + 19*g**2 - 31*g + 166. Give p(6).
16
Let o(t) = 3*t**2 + 135*t + 1139. Calculate o(-33).
-49
Let z(m) = -14*m**2 + 101*m + 80. What is z(8)?
-8
Let y(p) = p**3 + 34*p**2 + 33*p + 30. Calculate y(-33).
30
Let l(a) = -4858*a + 29132. Give l(6).
-16
Let a(l) = 171*l - 3292. Determine a(18).
-214
Let y(f) = -9*f**2 - 952*f + 50. What is y(-106)?
-162
Let u(p) = -p**2 - 835*p + 17969. Give u(21).
-7
Let f(w) = -w**3 - 25*w**2 - 45*w + 8. What is f(-23)?
-15
Let o(r) = r**3 - 2*r**2 - 36*r - 6. Calculate o(6).
-78
Let g(l) = l**3 - 17*l**2 - 15*l + 100. What is g(18)?
154
Let v(y) = 126*y + 1393. Give v(-11).
7
Let k(r) = -r**3 - 106*r**2 + 186*r - 3260. Determine k(-108).
-20
Let x(m) = 421*m + 34107. Calculate x(-81).
6
Let i(v) = v**3 + 59*v**2 + 129*v + 850. Calculate i(-57).
-5
Let j(n) = 13*n - 84. Give j(18).
150
Let n(i) = -2*i**3 + 25*i**2 - 15*i - 12. What is n(12)?
-48
Let t(j) = -j**2 + 148*j + 1931. Give t(-12).
11
Let g(b) = 99*b - 781. Calculate g(7).
-88
Let r(v) = -v**3 + 3*v - 261. Give r(0).
-261
Let m(y) = -5*y + 11. What is m(6)?
-19
Let z(h) = -71*h + 11850. What is z(167)?
-7
Let s(b) = -3*b**2 - 53*b + 1132. What is s(14)?
-198
Let x(d) = d**3 - 31*d**2 + 5*d - 153. Give x(31).
2
Let g(m) = 95*m**2 - 12064*m - 119. Give g(127).
8
Let p(w) = -33*w**2 - 4*w - 9. Give p(3).
-318
Let n(r) = -r**2 + 49*r + 1465. Calculate n(70).
-5
Let s(n) = n**2 - 35*n + 153. Determine s(33).
87
Let s(m) = m**2 - 138*m - 1624. What is s(149)?
15
Let m(o) = -3*o**3 + 3*o**2 + 22*o + 16. Calculate m(5).
-174
Let y(l) = -l**3 - 12*l**2 - 26*l - 46. Calculate y(-5).
-91
Let r(w) = 70*w + 110. Give r(-2).
-30
Let p(s) = -8*s**2 + 120*s - 233. Calculate p(13).
-25
Let c(a) = -344*a - 3494. What is c(-10)?
-54
Let f(t) = -2*t**3 + 8*t**2 - 20*t + 4. What is f(5)?
-146
Let c(x) = 374*x + 11597. Calculate c(-31).
3
Let r(u) = -558*u - 8466. Determine r(-15).
-96
Let d(n) = -10*n**2 + 610*n - 32. Calculate d(61).
-32
Let w(u) = -24*u**2 + 101*u + 10. Calculate w(4).
30
Let x(o) = 628*o**2 - 28*o - 29. Calculate x(-1).
627
Let t(y) = -y**2 + 3247*y + 62059. Determine t(-19).
5
Let a(f) = 3*f**3 + 22*f**2 - 2*f - 1. Give a(-8).
-113
Let a(f) = f**3 - 29*f**2 + 178*f + 19. Calculate a(9).
1
Let r(i) = 4*i**3 + 5*i**2 - 8*i + 4. Give r(3).
133
Let m(i) = -i**2 - 36*i - 163. Give m(-5).
-8
Let o(g) = 74*g**2 - 3263*g + 315. Give o(44).
7
Let v(z) = 112*z + 123. Determine v(-1).
11
Let w(u) = 4*u**3 - 2*u**2 - 11*u - 17. Give w(-3).
-110
Let c(v) = -20*v**2 + 3*v - 150. What is c(0)?
-150
Let t(k) = -k**3 - 12*k**2 - 47. Determine t(-13).
122
Let o(m) = m**3 + 220*m**2 + 1034*m - 8817. Calculate o(-215).
-2
Let t(i) = 51*i**2 + 3*i - 21. Calculate t(3).
447
Let f(a) = 3275*a + 16381. What is f(-5)?
6
Let s(n) = n**3 + 6*n**2 - 6*n - 26. Calculate s(-2).
2
Let o(v) = -2*v**2 - 26*v - 5. Calculate o(-12).
19
Let k(y) = 4*y**2 - 21*y + 6. Calculate k(10).
196
Let c(t) = -1053*t + 9497. Calculate c(9).
20
Let g(r) = 6*r**2 - 235*r + 871. What is g(35)?
-4
Let l(q) = q**3 + q**2 - 20*q - 13. Determine l(-3).
29
Let v(i) = i**3 - 5*i**2 - 3*i + 8. What is v(5)?
-7
Let t(r) = -r**3 + 49*r**2 - 92*r - 100. What is t(47)?
-6
Let i(a) = -a**2 - 66*a - 444. What is i(-7)?
-31
Let j(b) = -191*b + 1476. What is j(5)?
521
Let l(c) = -c**2 - 2792*c - 16716. Give l(-6).
0
Let h(d) = -82*d - 81. Give h(-1).
1
Let a(p) = 4076*p + 12246. Determine a(-3).
18
Let x(i) = 4*i**3 + 59*i**2 - 22*i - 66. Give x(-15).
39
Let d(b) = 15*b**2 + 894*b + 2222. What is d(-57)?
-1
Let k(u) = -13*u + 58. Give k(-8).
162
Let n(j) = j**3 - 12*j**2 + 47*j - 18. What is n(9)?
162
Let p(f) = 2*f**2 + 17106*f + 85482. Give p(-5).
2
Let u(z) = z**3 + 13*z**2 + 5*z - 82. Determine u(-11).
105
Let u(l) = -13*l**2 + 152*l - 37. Calculate u(12).
-85
Let i(r) = r**3 + 35*r**2 + 132*r - 77. What is i(-5)?
13
Let q(a) = -a**3 + 3*a**2 - 5*a - 27. Determine q(0).
-27
Let n(u) = -7*u - 344. Calculate n(-53).
27
Let k(v) = 64*v - 91. Give k(1).
-27
Let j(x) = -x**3 + 19*x**2 - 16*x - 22. Give j(17).
284
Let f(h) = -22*h**2 + 299*h - 97. Calculate f(13).
72
Let x(t) = -13*t**3 + t**2. What is x(-1)?
14
Let b(q) = -17*q + 606. Determine b(27).
147
Let y(k) = k**3 - 65*k**2 + 15*k - 1203. Calculate y(65).
-228
Let o(n) = n**3 - 134*n**2 + 393*n + 8. Determine o(131).
8
Let q(u) = 28*u**3 + 5*u**2 - u - 3. Determine q(1).
29
Let h(f) = 3*f**3 + 3*f**2 - 37*f + 9. Give h(3).
6
Let n(i) = 2046*i + 3. Give n(0).
3
Let h(c) = 2795*c + 131362. Determine h(-47).
-3
Let x(g) = -g**3 + 7*g**2 - 2*g + 18. Determine x(0).
18
Let l(r) = 18*r**3 - 110*r**2 + 11*r - 6. Determine l(6).
-12
Let x(s) = 25*s**2 + 1526*s + 43. What is x(-61)?
-18
Let q(x) = -26*x**3 + 152*x**2 + 23*x + 1. What is q(6)?
-5
Let b(r) = r**3 + 25*r**2 + 224*r + 1782. What is b(-18)?
18
Let p(n) = -35*n + 89. Determine p(13).
-366
Let o(w) = -3*w**2 + 15*w + 76. Determine o(-6).
-122
Let r(d) = d**2 + 7*d - 48. What is r(-9)?
-30
Let x(r) = 11*r + 1081. Calculate x(-98).
3
Let b(n) = 48*n + 1314. Give b(-29).
-78
Let l(g) = 2*g**3 - 76*g**2 - g + 35. Determine l(38).
-3
Let i(c) = -8*c + 27. Determine i(-5).
67
Let j(y) = 2645*y + 15867. Determine j(-6).
-3
Let t(h) = -4630*h + 101857. Calculate t(22).
-3
Let h(y) = -y**3 - 6*y**2 + 2*y + 17. Determine h(-8).
129
Let a(k) = -k**2 + 108*k - 1737. Calculate a(20).
23
Let l(z) = -z**3 - 15*z**2 - 38*z - 36. Determine l(-12).
-12
Let x(u) = 684*u - 2709. Determine x(4).
27
Let l(s) = -327*s + 2726. Give l(12).
-1198
Let n(r) = -2*r**3 + 5*r**2 + 10*r + 14. What is n(5)?
-61
Let i(n) = 89*n**3 + 3*n**2 + 5*n - 1. Calculate i(-1).
-92
Let i(l) = 83*l - 13282. Calculate i(160).
-2
Let s(j) = -11*j**3 + 681*j**2 + 63*j - 30. Determine s(62).
32
Let u(x) = -57*x - 2849. Calculate u(-50).
1
Let k(d) = 8*d**3 + d**2 + 3*d - 11. Give k(2).
63
Let y(j) = 3*j**3 + 2*j**2 + 10*j + 1. Determine y(0).
1
Let w(l) = -l**3 - 13*l**2 + 75*l + 164. Determine w(-16).
-268
Let m(i) = i**3 - 2*i**2 - 11*i - 9. Determine m(-2).
-3
Let m(z) = 25*z + 2005. Determine m(-52).
705
Let j(t) = t**2 + 5*t - 75. What is j(0)?
-75
Let k(q) = -2*q**3 + 9*q**2 + 31*q - 1. What is k(-4)?
147
Let t(c) = -3*c**2 - 36*c + 66. Calculate t(-16).
-126
Let p(a) = -a**2 + 3*a - 36. Determine p(0).
-36
Let h(u) = 253*u - 7085. Give h(28).
-1
Let s(w) = -w**2 - 44*w - 69. Calculate s(-14).
351
Let o(k) = 2*k**3 - 45*k**2 + 34*k + 578. Give o(21).
-31
Let g(w) = -w**3 + 2*w**2 - w + 233. What is g(7)?
-19
Let o(t) = t**3 - 5*t**2 - 4*t - 3. Determine o(6).
9
Let z(v) = 49*v - 154. Determine z(-5).
-399
Let i(v) = -4*v**2 - 209*v + 1332. Determine i(-58).
-2
Let m(l) = -31*l**3 + 186*l**2 - l + 19. Calculate m(6).
13
Let y(q) = 130*q - 3243. Calculate y(25).
7
Let q(r) = -r**3 + 120*r**2 + 207*r + 4520. Give q(122).
6
Let d(h) = h**2 - 11. What is d(4)?
5
Let v(u) = -20*u**3 - 5*u**2 + 2*u + 3. What is v(3)?
-576
Let h(f) = -4*f**3 - 2*f**2 + f - 2. Calculate h(-4).
218
Let k(z) = z**2 + 76*z + 878. Determine k(-15).
-37
Let l(k) = -2*k**3 - 11*k**2 - 29*k - 84. What is l(-6)?
126
Let x(f) = f**3 + 8*f**2 - 23*f - 8. Calculate x(-10).
22
Let z(r) = -5*r**3 - 2*r**2 - 1891*r - 1888. Determine z(-1).
6
Let w(h) = -2*h**3 - 14*h**2 + 10*h + 71. Give w(-7).
1
Let s(k) = k**3 - 231*k**2 - 11*k + 2548. What is s(231)?
7
Let o(p) = p**3 - 75*p**2 + 1368*p - 169. Calculate o(44).
7
Let p(c) = c**2 + 68*c - 3334. What is p(-101)?
-1
Let n(r) = -r**2 - 1030*r - 9157. Give n(-9).
32
Let o(v) = -52*v**2 - 3591*v - 214. Give o(-69).
-7
Let h(a) = a**2 + 32*a + 52. Determine h(-29).
-35
Let g(n) = -47*n**3 + 5*